{"id":17,"date":"2022-08-21T20:24:07","date_gmt":"2022-08-21T23:24:07","guid":{"rendered":"http:\/\/www.adur.org.uy\/quenotedelomismo\/?page_id=17"},"modified":"2022-08-21T20:24:07","modified_gmt":"2022-08-21T23:24:07","slug":"manifiesto","status":"publish","type":"page","link":"https:\/\/www.adur.org.uy\/quenotedelomismo\/manifiesto\/","title":{"rendered":"Manifiesto"},"content":{"rendered":"\n<p>En palabras del presidente Dr. Luis Lacalle Pou a TNU, la Universidad va a tener que optar. Pero \u00bfqu\u00e9 es la Universidad de la Rep\u00fablica?<\/p>\n\n\n\n<ul class=\"wp-block-list\"><li>Es la que tiene a los docentes que pusieron sus recursos y hogares para funcionar en pandemia. <\/li><li>Es la que permite que miles de j\u00f3venes contribuyan al futuro del pa\u00eds. <\/li><li>Es la que con menos recursos atiende ya a un 30% m\u00e1s de estudiantes. <\/li><li>Es la que tiene a docentes haciendo m\u00e1s con menos y en peores condiciones. <\/li><\/ul>\n\n\n\n<p>\u00bfO es la que permiti\u00f3 al GACH, a la innovaci\u00f3n y al desarrollo tecnol\u00f3gico conectado con el mundo? \u00bfEs la que atiende a 100.000 uruguayos y uruguayas en el Hospital de Cl\u00ednicas? \u00bfEs la que genera el 80% de la investigaci\u00f3n del pa\u00eds? \u00bfEs la que desarrolla proyectos de extensi\u00f3n y cooperaci\u00f3n con la sociedad en todo el territorio nacional?<\/p>\n\n\n\n<p>Hay que elegir s\u00ed. Hay que elegir futuro o fuga de cerebros. Malla Oro u oportunidades para los miles de j\u00f3venes del interior que buscan lo que este pa\u00eds siempre tuvo: compromiso.<\/p>\n\n\n\n<p>A los docentes no les da lo mismo. \u00bfAl gobierno, le da lo mismo? <\/p>\n\n\n\n<p><strong>Que a vos no te d\u00e9 lo mismo.<br>Difund\u00ed este mensaje y apoy\u00e1 la discusi\u00f3n.<\/strong><\/p>\n\n\n\n<p><strong>Asociaci\u00f3n de Docentes de la Universidad de la Rep\u00fablica. Construyendo futuro<\/strong>.<\/p>\n","protected":false},"excerpt":{"rendered":"<p>En palabras del presidente Dr. Luis Lacalle Pou a TNU, la Universidad va a tener que optar. Pero \u00bfqu\u00e9 es [&hellip;]<\/p>\n","protected":false},"author":1,"featured_media":0,"parent":0,"menu_order":0,"comment_status":"closed","ping_status":"closed","template":"","meta":{"footnotes":""},"class_list":["post-17","page","type-page","status-publish","hentry"],"_links":{"self":[{"href":"https:\/\/www.adur.org.uy\/quenotedelomismo\/wp-json\/wp\/v2\/pages\/17","targetHints":{"allow":["GET"]}}],"collection":[{"href":"https:\/\/www.adur.org.uy\/quenotedelomismo\/wp-json\/wp\/v2\/pages"}],"about":[{"href":"https:\/\/www.adur.org.uy\/quenotedelomismo\/wp-json\/wp\/v2\/types\/page"}],"author":[{"embeddable":true,"href":"https:\/\/www.adur.org.uy\/quenotedelomismo\/wp-json\/wp\/v2\/users\/1"}],"replies":[{"embeddable":true,"href":"https:\/\/www.adur.org.uy\/quenotedelomismo\/wp-json\/wp\/v2\/comments?post=17"}],"version-history":[{"count":1,"href":"https:\/\/www.adur.org.uy\/quenotedelomismo\/wp-json\/wp\/v2\/pages\/17\/revisions"}],"predecessor-version":[{"id":18,"href":"https:\/\/www.adur.org.uy\/quenotedelomismo\/wp-json\/wp\/v2\/pages\/17\/revisions\/18"}],"wp:attachment":[{"href":"https:\/\/www.adur.org.uy\/quenotedelomismo\/wp-json\/wp\/v2\/media?parent=17"}],"curies":[{"name":"wp","href":"https:\/\/api.w.org\/{rel}","templated":true}]}}